culate -90 + (6 - (50 - 107)).
-27
Evaluate -9 + (10 - -103) - (-139 - -120).
123
What is the value of (-7 - -13) + -9 - -11 - 2 - -10?
16
Calculate -46 + 23 + 2 + 11 + (9 - 0) + 7.
6
Calculate (14 - ((11 - 21) + 21)) + -36.
-33
Evaluate (174 - (29 + 46)) + -74.
25
Calculate -44 - 10 - 13 - 9.
-76
What is 21 - (1 + 13 - -5) - (18 - 64)?
48
Evaluate -28 - (-17 + (3 - -4 - (-2 - -2))).
-18
-3 + 14 + 1 + (47 - (-17 - -7)) + -10
59
5 - ((5 - (-7 - -15)) + -5 + -12)
25
What is the value of (76 - 66) + 3 + -17 - -67?
63
(-16 - -12) + -14 - (12 - 44)
14
What is the value of -57 + -2 + (-29 - (-29 - 25) - 11)?
-45
What is the value of (162 - 217) + (17 - (6 - 4))?
-40
What is 35 + -28 + -70 + 77?
14
What is the value of -1 - (17 + (-19 - -22) - (8 - -10))?
-3
What is the value of -1 + -92 + 115 + -200 + 51?
-127
Evaluate 41 + (-14 - 3) + 15 + -3 + 17.
53
What is the value of (3 + -1 - (27 + -39 + 11)) + 11?
14
Calculate (-95 - -54) + (2 + 37 - 12).
-14
What is (2886 - 2880) + 2 + -14?
-6
Calculate (3705 - 3628) + (0 - -1 - (-3 - 12)).
93
-6 - (23 + 3 - 60)
28
What is 78 - ((1 + 2 - -2) + -1527 + 1528)?
72
-43 + 1 + (-87 - (-150 + 57))
-36
Evaluate (1 - -102) + 35 + 24 + (1 - 21) + -29.
113
Calculate -19 + -3 - (0 - (17 - (-8 - -10)) - -9).
-16
What is -36 - -43 - 26 - 6?
-25
What is the value of 1 - -22 - 25 - (2 + 7 - -2) - -12?
-1
What is the value of 41 - (77 - (33 - -17))?
14
What is (-10 - -3 - 25) + (-29 - -21)?
-40
-7 + -76 + 46 + 88
51
What is the value of 16 - ((-37 - (-3 - 2)) + 13)?
35
What is -23 - (6 + -29 - 2 - 5)?
7
What is the value of 19 + -3 - (-49 - -112)?
-47
What is 31 - (-5 + 12 + -24 + 11 - -19)?
18
Calculate 460 + -459 + (8 + 1 - (-2 + 1)) + -31.
-20
What is -22 + -1 - (56 + -152 + 77)?
-4
(-76 + 41 - -39) + (23 - (1 + -2))
28
Evaluate (-260 - (-73 - 204)) + (0 - (3 - 1)) + 5.
20
Calculate -4 - (41 - ((-37 - -63) + -31)).
-50
13 - (-11 + (12 + 0 - 2) + -34 + 27)
21
Evaluate 21 + (-58 - (21 - 24)) + -23.
-57
Evaluate 7 + (1 - -1) + 8 + -7.
10
What is the value of -6 + 7 + (20 - -7) + 35?
63
What is (11 - -64) + -85 + -1 + 3?
-8
Calculate 6 + -3 - 1 - (-47 - (162 - 78)).
133
What is the value of (-5 - (3 - 2)) + -3 - (3 - 18)?
6
114 + (-73 - -28) - 40
29
Calculate (-1 - (-1 - -4)) + -6 - (-165 + 35 - -178).
-58
What is the value of -11 + (-6 - (-25 - -11)) + 22?
19
What is the value of -1 + (-23 - (9 - 18 - (2 + 6 + -10)))?
-17
Calculate (-4 - -47) + -54 - (-6 + -20).
15
Calculate 1 + 2 + -26 + 522 + -428.
71
-2755 + 2804 + 0 + -21
28
Calculate 19 + (59 - (66 + -72)).
84
What is the value of (3 - -28 - (-2 - (4 + 0 - 6))) + -8?
23
Calculate 93 - (-6 - (-1 + -16 - (106 - 111))).
87
Evaluate 210 + -221 + (-9 - -5) + 0 + 19.
4
Evaluate 1619 + -1652 + 4 + 99.
70
(-64 - (1 - 7)) + (-137 - -159)
-36
Evaluate (-31 - (-7 + -8)) + -18 + 7 + -10.
-37
Calculate 21 - (21 + 74) - -32.
-42
What is the value of -157 + 95 + (-1 - -35) + -28?
-56
Evaluate 69 + (32 - 45) + -89.
-33
What is the value of -954 - -959 - (1 + 37)?
-33
What is 8 + 5 + 9 + 8 - (-1 - 0)?
31
Evaluate 146 + -236 + 78 + 1 + -2 + 38.
25
78 + -56 + (6 + -6 - 58)
-36
What is 0 + -56 + (-4 - (5 + -2 + 7 + -10))?
-60
Evaluate (-12 + -1 - -22) + 2 - (-10 + -3 + 0).
24
Calculate (6 - ((0 - 3) + 1)) + 64 + -78.
-6
Calculate (199 - 177) + 11 + 22 + -5.
50
62 + -43 - (-3 + 13)
9
(-43 - (-11 - -1)) + (1 + -13 - (38 - 47))
-36
What is the value of (121 - 328 - (14 + -53)) + 4 + 16?
-148
Calculate 31 + -128 + 49 + 68.
20
Calculate (-52 - -343) + -255 - (-71 + -1).
108
(4 + -26 + 26 - -2) + (-73 - -2)
-65
Calculate 1 + 26 + -84 + 46 + 55 + (0 - 22).
22
What is 114 - 108 - (4 - (-6 + (4 - 0)))?
0
196 + -89 + -109 + (0 - -37)
35
Calculate -87 + (-58 - (14 - 160)).
1
What is -1 + -40 + (332 - (-195 + 625))?
-139
What is the value of 2 + 43 - 34 - (0 + 4 - (-7 - 7))?
-7
Evaluate (-16 - 15) + 14 - -45 - -4.
32
What is the value of -7 - ((-2 - 4) + -3 + 4 + (-35 - -5))?
28
75 - (-130 + 67) - 89
49
-82 + (-62 - -167) + -19
4
What is the value of 0 - 48 - (26 + -31 - (-2 + 0) - -1)?
-46
What is the value of 1 - 10 - (62 + -37 - 42) - (0 + -1)?
9
What is 191 - ((108 - -57) + -36)?
62
What is (13 - (4 - (1 - (15 - 24)))) + 16?
35
What is the value of 40 - (-10 - (-22 + -16))?
12
What is -5 + (-14 - 21) - -22?
-18
What is (-39 - (25 - 15) - -12) + (-13 - -4)?
-46
What is -10 - (-67 - (-52 - 29))?
-24
(-19 - -18 - -17) + -1 - -9
24
-8 + 0 - (53 + -69 - 44)
52
Evaluate (8 - (-4 + 18)) + (-2 - ((-4 - -4) + -70)).
62
What is 0 + 0 + 0 + (-34 - -29 - 21 - -18)?
-8
What is the value of (13 - (-13 - (26 + -40))) + (-2 + 2 - 1)?
11
What is 4 + (-44 - 56) - -38?
-58
What is 10 - (-2 + 3 - (3 + -10 + 13) - -92)?
-77
Calculate (24 + -86 - -32) + 33 + (-51 - -4) + 2.
-42
Evaluate 0 + -3 + -18 + -2290 + 2245 - (0 - 1).
-65
Calculate 1 - (20 + -12 + -8).
1
-56 + 44 + 91 + 13
92
What is -5 - (-93 - (17 + -3 + 1 + -25))?
78
What is the value of 39 + (-65 - (-28 - 23))?
25
Evaluate -4 + 2 + (-3 - -26) - (108 + 34).
-121
What is the value of -115 - (-122 + 34 - -18)?
-45
Evaluate -17 + (93 + 20 + 19 - (-5 - 3)).
123
What is the value of 5 + -12 + -26 - (210 + -202)?
-41
-1 + 15 - 2 - ((6 - -2) + 4)
0
Evaluate -183 + 8 + (-42 - -186).
-31
Evaluate -82 - 41 - -110 - -11.
-2
What is the value of -47 + (100 - 51) + -32?
-30
What is the value of -4 + 9 - (31 - (-9 - -1 - -15))?
-19
What is 69 - (16 - -62 - 50)?
41
What is the value of (131 - 10) + 21 + -43 + 15 + -11?
103
What is the value of 56 + (50 - 121) + 27?
12
What is (1 + 1 - -6 - 2) + -7 + 55?
54
Calculate -27 + 11 + 9 + (-2 - (-25 - 1)).
17
What is the value of (13 - 0) + 10223 + -10186?
50
(2 + -4 + 2 - (-2771 - -2774)) + -106 + 2
-107
Calculate -10 - 110 - (10 + -10 - -21 - 18).
-123
What is the value of 5 + -44 + -12 + (4 + 11 - -7)?
-29
Calculate -1 - (-23 - -5) - (-606 + 577).
46
Evaluate (11252 - 11335) + 15 + 2.
-66
83 + 57 + -157 + 0 + 32
15
Evaluate (-1 + (-3 - -3) - 5) + 3 - (287 + -200).
-90
Calculate (22 + 43 - -26) + -53.
38
What is the value of 43 - 7 - (-17 + 8 + 0 + -1)?
46
15 - (-4 - -2 - 5 - (-36 + -12 - -43))
17
Calculate 43 + -29 - (-61 - (-8 + -6)).
61
What is the value of (-12 - (9 - 9)) + (-7 - -9 - -7)?
-3
What is the value of 22 + (0 - 15) + (-20 - -19 - -18)?
24
(21 - -5) + (-182 - (-163 + 98))
-91
Evaluate 3 + -5 + (44 + 12 - -22).
76
What is -12 + (-19 - (-34 + 14)) + 8?
-3
Evaluate -94 - ((108 - 81) + -48 - (0 + -9)).
-82
(-1 - (5 + -3)) + 12 + (-20 - 60) + 20
-51
What is 33 - (15 + -6 + 1 - (-12 + 12))?
23
Evaluate 36 + (-46 - (-19 - -13)) - -8.
4
Evaluate 78 + 23 + -36 + -1.
64
(-2 - 0) + 2 + -1 + -9656 + 9540
-117
8 + (-5 - ((1 - -2) + 12)) - 11
-23
Calculate (17 - -89 - 88) + (1 - 17).
2
What is the value of (-122 - -74) + 93 + -20?
25
What is 24 + -77 - (1 + 22 - 47)?
-29
What is the value of (-74 - -71) + -16 - (8 - 4)?
-23
-25 + 26 + (-21 - -17) + -20
-23
What is -22 + 22 - (-10 + 10 - 20 - (-2 - -2))?
20
What is (-11 + 31 - -9) + -46 + (-2 - -1) + 9?
-9
Calculate -7 + 1 - (241 - 253).
6
-18 + 0 + 10 + (-1 - 8) - -13
-4
Calculate 21 - (-7 - -20) - -5 - 11.
2
-52 - (11 - ((-9 - (12 - 3 - 19)) + 2))
-60
What is -9 - (3 + -1) - (-3 + 3 + -4 + 8)?
-15
(-5 - -1) + (17 - 1) + -7 + 27
32
Evaluate -86 + 2 - (29 - 0 - (46 + -25)).
-92
(-3 + 9 - 45) + 14 + -33
-58
-52298 + 52349 + 1 + -124
-72
What is the value of 3 + (8 - 4) - (6 + -10 + -10)?
21
79 + -23 + 11 + 12 + (6 - 16)
69
What is the value of -30 - (-75 + 49) - (15 + (-10 - -6))?
-15
Evaluate -2 + -6 + -25 + (-60 - (-10 + -43)).
-40
Calculate -78 + 85 + -33 + 65.
39
Evaluate 2402 + -2435 + (-6 - 32) + -3.
-74
What is the value of 33 + -1 + (5271 - 5324)?
-21
Evaluate -1 - (-1 + -21) - (2495 + -2516).
42
Evaluate -9 + (1 - (-7 - -3)) + 7 + -25 - -7.
-15
Evaluate (1002 - 980) + 10 + -100.
-68
What is the value of -3 - (5 - 1) - (-483 + 499)?
-23
What is 2 + 54 + (-16 - -50) + -51?
39
Evaluate (1 + -17 - (5 - -10 - 29) - 107) + -7.
-116
What is 51 - (-7 + 10 + (17 - 19))?
50
What is the value of (24 - -1 - (48 - (47 + 6))) + 9?
39
What is the value of (-1 + 19 - (139 + 0)) + 31 + -18?
-108
Evaluate 10 - -4 - (-18 - -19 - (20 + -13)).
20
Evaluate -1 + 41 + (-805 - -725) - 74.
-114
Evaluate (15 - 0) + 232 + -144 - (-13 + 22).
94
What is -331 + 217 + (9 - -101)?
-4
-129 - (72 - 2